Dec 01 19:26:37.668 INFO testing dialogbox/rust-working-samples against master#8940af3cea4a9a9deabcaf843b2f8cad9a83fc61 for beta-1.31-5
Dec 01 19:26:37.668 INFO running `"docker" "create" "-v" "/mnt/big/crater/work/local/target-dirs/beta-1.31-5/worker-1/master#8940af3cea4a9a9deabcaf843b2f8cad9a83fc61:/target:rw,Z" "-v" "/mnt/big/crater/work/local/test-source/worker-1/beta-1.31-5/master#8940af3cea4a9a9deabcaf843b2f8cad9a83fc61:/source:ro,Z" "-v" "/mnt/big/crater/work/local/cargo-home:/cargo-home:ro,Z" "-v" "/mnt/big/crater/work/local/rustup-home:/rustup-home:ro,Z" "-e" "USER_ID=1000" "-e" "SOURCE_DIR=/source" "-e" "USER_ID=1000" "-e" "CMD=cargo +8940af3cea4a9a9deabcaf843b2f8cad9a83fc61-alt build --frozen" "-e" "CARGO_TARGET_DIR=/target" "-e" "CARGO_INCREMENTAL=0" "-e" "RUST_BACKTRACE=full" "-e" "RUSTFLAGS=--cap-lints=warn" "-e" "CARGO_HOME=/cargo-home" "-e" "RUSTUP_HOME=/rustup-home" "-m" "1536M" "--network" "none" "crater"`
Dec 01 19:26:38.043 INFO [stdout] 16bd464296b78e8273c6e33f38f357810ffe1b5c2f9f06846f669b8099c4a16d
Dec 01 19:26:38.045 INFO running `"docker" "start" "-a" "16bd464296b78e8273c6e33f38f357810ffe1b5c2f9f06846f669b8099c4a16d"`
Dec 01 19:26:38.593 INFO [stderr] usermod: no changes
Dec 01 19:26:38.809 INFO [stderr]    Compiling openssl-sys v0.9.35
Dec 01 19:26:38.812 INFO [stderr]    Compiling tokio-io v0.1.8
Dec 01 19:26:38.812 INFO [stderr]    Compiling syn v0.14.9
Dec 01 19:26:41.440 INFO [stderr]    Compiling tokio-reactor v0.1.5
Dec 01 19:26:41.442 INFO [stderr]    Compiling tokio-codec v0.1.0
Dec 01 19:26:41.479 INFO [stderr]    Compiling tokio-fs v0.1.3
Dec 01 19:26:41.479 INFO [stderr]    Compiling h2 v0.1.12
Dec 01 19:26:43.420 INFO [stderr]    Compiling openssl v0.10.11
Dec 01 19:26:43.420 INFO [stderr]    Compiling native-tls v0.2.1
Dec 01 19:26:49.271 INFO [stderr]    Compiling tokio-udp v0.1.2
Dec 01 19:26:49.271 INFO [stderr]    Compiling tokio-tcp v0.1.1
Dec 01 19:26:49.271 INFO [stderr]    Compiling tokio-uds v0.2.1
Dec 01 19:26:53.172 INFO [stderr]    Compiling tokio v0.1.8
Dec 01 19:27:00.118 INFO [stderr]    Compiling hyper v0.12.9
Dec 01 19:27:08.135 INFO [stderr]    Compiling synstructure v0.9.0
Dec 01 19:27:08.135 INFO [stderr]    Compiling serde_derive v1.0.76
Dec 01 19:27:17.416 INFO [stderr]    Compiling hyper-tls v0.3.0
Dec 01 19:27:17.418 INFO [stderr]    Compiling failure_derive v0.1.2
Dec 01 19:27:24.850 INFO [stderr]    Compiling failure v0.1.2
Dec 01 19:27:31.722 INFO [stderr]    Compiling working-samples v0.1.0 (/source)
Dec 01 19:27:35.153 INFO [stderr] warning: method is never used: `shear`
Dec 01 19:27:35.153 INFO [stderr]   --> src/traitsamples.rs:28:9
Dec 01 19:27:35.153 INFO [stderr]    |
Dec 01 19:27:35.153 INFO [stderr] 28 |         fn shear(&mut self) {
Dec 01 19:27:35.153 INFO [stderr]    |         ^^^^^^^^^^^^^^^^^^^
Dec 01 19:27:35.153 INFO [stderr]    |
Dec 01 19:27:35.153 INFO [stderr]    = note: #[warn(dead_code)] on by default
Dec 01 19:27:35.153 INFO [stderr] 
Dec 01 19:27:43.167 INFO [stderr]     Finished dev [unoptimized + debuginfo] target(s) in 1m 04s
Dec 01 19:27:43.174 INFO [stderr] su: No module specific data is present
Dec 01 19:27:44.163 INFO running `"docker" "inspect" "16bd464296b78e8273c6e33f38f357810ffe1b5c2f9f06846f669b8099c4a16d"`
Dec 01 19:27:44.588 INFO running `"docker" "rm" "-f" "16bd464296b78e8273c6e33f38f357810ffe1b5c2f9f06846f669b8099c4a16d"`
Dec 01 19:27:44.851 INFO [stdout] 16bd464296b78e8273c6e33f38f357810ffe1b5c2f9f06846f669b8099c4a16d
Dec 01 19:27:44.855 INFO running `"docker" "create" "-v" "/mnt/big/crater/work/local/target-dirs/beta-1.31-5/worker-1/master#8940af3cea4a9a9deabcaf843b2f8cad9a83fc61:/target:rw,Z" "-v" "/mnt/big/crater/work/local/test-source/worker-1/beta-1.31-5/master#8940af3cea4a9a9deabcaf843b2f8cad9a83fc61:/source:ro,Z" "-v" "/mnt/big/crater/work/local/cargo-home:/cargo-home:ro,Z" "-v" "/mnt/big/crater/work/local/rustup-home:/rustup-home:ro,Z" "-e" "USER_ID=1000" "-e" "SOURCE_DIR=/source" "-e" "USER_ID=1000" "-e" "CMD=cargo +8940af3cea4a9a9deabcaf843b2f8cad9a83fc61-alt test --frozen --no-run" "-e" "CARGO_TARGET_DIR=/target" "-e" "CARGO_INCREMENTAL=0" "-e" "RUST_BACKTRACE=full" "-e" "RUSTFLAGS=--cap-lints=warn" "-e" "CARGO_HOME=/cargo-home" "-e" "RUSTUP_HOME=/rustup-home" "-m" "1536M" "--network" "none" "crater"`
Dec 01 19:27:45.344 INFO [stdout] ffedd0842e0024db180da49ce625380c8699d2f9966128eb3dd8d9393ea90fa9
Dec 01 19:27:45.346 INFO running `"docker" "start" "-a" "ffedd0842e0024db180da49ce625380c8699d2f9966128eb3dd8d9393ea90fa9"`
Dec 01 19:27:47.435 INFO [stderr] usermod: no changes
Dec 01 19:27:47.771 INFO [stderr]    Compiling working-samples v0.1.0 (/source)
Dec 01 19:27:51.718 INFO [stderr] warning: method is never used: `shear`
Dec 01 19:27:51.718 INFO [stderr]   --> src/traitsamples.rs:28:9
Dec 01 19:27:51.718 INFO [stderr]    |
Dec 01 19:27:51.718 INFO [stderr] 28 |         fn shear(&mut self) {
Dec 01 19:27:51.718 INFO [stderr]    |         ^^^^^^^^^^^^^^^^^^^
Dec 01 19:27:51.718 INFO [stderr]    |
Dec 01 19:27:51.718 INFO [stderr]    = note: #[warn(dead_code)] on by default
Dec 01 19:27:51.718 INFO [stderr] 
Dec 01 19:28:04.304 INFO [stderr]     Finished dev [unoptimized + debuginfo] target(s) in 16.83s
Dec 01 19:28:04.325 INFO [stderr] su: No module specific data is present
Dec 01 19:28:05.485 INFO running `"docker" "inspect" "ffedd0842e0024db180da49ce625380c8699d2f9966128eb3dd8d9393ea90fa9"`
Dec 01 19:28:05.596 INFO running `"docker" "rm" "-f" "ffedd0842e0024db180da49ce625380c8699d2f9966128eb3dd8d9393ea90fa9"`
Dec 01 19:28:05.726 INFO [stdout] ffedd0842e0024db180da49ce625380c8699d2f9966128eb3dd8d9393ea90fa9
Dec 01 19:28:05.728 INFO running `"docker" "create" "-v" "/mnt/big/crater/work/local/target-dirs/beta-1.31-5/worker-1/master#8940af3cea4a9a9deabcaf843b2f8cad9a83fc61:/target:rw,Z" "-v" "/mnt/big/crater/work/local/test-source/worker-1/beta-1.31-5/master#8940af3cea4a9a9deabcaf843b2f8cad9a83fc61:/source:ro,Z" "-v" "/mnt/big/crater/work/local/cargo-home:/cargo-home:ro,Z" "-v" "/mnt/big/crater/work/local/rustup-home:/rustup-home:ro,Z" "-e" "USER_ID=1000" "-e" "SOURCE_DIR=/source" "-e" "USER_ID=1000" "-e" "CMD=cargo +8940af3cea4a9a9deabcaf843b2f8cad9a83fc61-alt test --frozen" "-e" "CARGO_TARGET_DIR=/target" "-e" "CARGO_INCREMENTAL=0" "-e" "RUST_BACKTRACE=full" "-e" "RUSTFLAGS=--cap-lints=warn" "-e" "CARGO_HOME=/cargo-home" "-e" "RUSTUP_HOME=/rustup-home" "-m" "1536M" "--network" "none" "crater"`
Dec 01 19:28:05.965 INFO [stdout] 5f32883057e64d37c9e93dd33ca1657ad0ef699a5e603ce05512ec73552d53e6
Dec 01 19:28:05.967 INFO running `"docker" "start" "-a" "5f32883057e64d37c9e93dd33ca1657ad0ef699a5e603ce05512ec73552d53e6"`
Dec 01 19:28:06.819 INFO [stderr] usermod: no changes
Dec 01 19:28:07.124 INFO [stderr]     Finished dev [unoptimized + debuginfo] target(s) in 0.26s
Dec 01 19:28:07.140 INFO [stderr]      Running /target/debug/deps/working_samples-7fb04a52df09be15
Dec 01 19:28:07.169 INFO [stdout] 
Dec 01 19:28:07.169 INFO [stdout] running 17 tests
Dec 01 19:28:07.169 INFO [stdout] test hn_client::playground::de_list_test ... ok
Dec 01 19:28:07.207 INFO [stdout] test ownership_demo::tests::distinct_lifttime ... ok
Dec 01 19:28:07.211 INFO [stdout] test ownership_demo::tests::move_out_from_vec ... ok
Dec 01 19:28:07.211 INFO [stdout] test ownership_demo::tests::return_ref ... ok
Dec 01 19:28:07.211 INFO [stdout] test ownership_demo::tests::struct_containing_ref ... ok
Dec 01 19:28:07.211 INFO [stdout] test traitsamples::test::bothtest::talk_test ... ok
Dec 01 19:28:07.211 INFO [stdout] test traitsamples::test::dogtest::talk_test ... ok
Dec 01 19:28:07.211 INFO [stdout] test traitsamples::test::sheeptest::talk_test ... ok
Dec 01 19:28:07.219 INFO [stdout] test word_count::test::count_word_fn_test ... ok
Dec 01 19:28:07.220 INFO [stdout] test word_count::test::count_word_test ... ok
Dec 01 19:28:07.268 INFO [stdout] Error: an error occurred trying to connect: failed to lookup address information: Temporary failure in name resolution
Dec 01 19:28:07.272 INFO [stdout] test hn_client::playground::get_top_list_sample ... ok
Dec 01 19:28:07.303 INFO [stdout] test hn_client::playground::top_story_list_test ... ok
Dec 01 19:28:07.311 INFO [stdout] test hn_client::playground::tokio_async_multirequest_using_client_test ... ok
Dec 01 19:28:07.315 INFO [stdout] test hn_client::test::get_top_list_test ... ok
Dec 01 19:28:07.377 INFO [stdout] test hn_client::playground::tokio_async_multirequest_test ... ok
Dec 01 19:28:07.747 INFO [stdout] test hn_client::test::get_from_url_should_panic_for_invalid_url ... ok
Dec 01 19:28:07.750 INFO [stdout] test hn_client::test::get_item_test ... FAILED
Dec 01 19:28:07.750 INFO [stdout] 
Dec 01 19:28:07.750 INFO [stdout] failures:
Dec 01 19:28:07.750 INFO [stdout] 
Dec 01 19:28:07.750 INFO [stdout] ---- hn_client::test::get_item_test stdout ----
Dec 01 19:28:07.751 INFO [stdout] thread 'hn_client::test::get_item_test' panicked at 'Box<Any>', src/hn_client.rs:150:23
Dec 01 19:28:07.751 INFO [stdout] stack backtrace:
Dec 01 19:28:07.751 INFO [stdout]    0:     0x55591c7f578f - std::sys::unix::backtrace::tracing::imp::unwind_backtrace::h3a8b83e1922cbdde
Dec 01 19:28:07.751 INFO [stdout]                                at libstd/sys/unix/backtrace/tracing/gcc_s.rs:49
Dec 01 19:28:07.751 INFO [stdout]    1:     0x55591c7ff317 - std::sys_common::backtrace::print::h00d3155a29b4020f
Dec 01 19:28:07.751 INFO [stdout]                                at libstd/sys_common/backtrace.rs:71
Dec 01 19:28:07.751 INFO [stdout]                                at libstd/sys_common/backtrace.rs:59
Dec 01 19:28:07.751 INFO [stdout]    2:     0x55591c7f9bcf - std::panicking::default_hook::{{closure}}::hd7465c742e79e1bb
Dec 01 19:28:07.751 INFO [stdout]                                at libstd/panicking.rs:211
Dec 01 19:28:07.751 INFO [stdout]    3:     0x55591c7f98ce - std::panicking::default_hook::h9e3966f2aa2a6e12
Dec 01 19:28:07.751 INFO [stdout]                                at libstd/panicking.rs:221
Dec 01 19:28:07.751 INFO [stdout]    4:     0x55591c7fa2ae - std::panicking::rust_panic_with_hook::h587f091ae747d080
Dec 01 19:28:07.751 INFO [stdout]                                at libstd/panicking.rs:476
Dec 01 19:28:07.751 INFO [stdout]    5:     0x55591c45c2ad - std::panicking::begin_panic::h03b044d2333aeb9b
Dec 01 19:28:07.751 INFO [stdout]                                at libstd/panicking.rs:410
Dec 01 19:28:07.751 INFO [stdout]    6:     0x55591c46a609 - working_samples::hn_client::test::get_item_test::h31c821f6c9199724
Dec 01 19:28:07.751 INFO [stdout]                                at src/hn_client.rs:150
Dec 01 19:28:07.751 INFO [stdout]    7:     0x55591c46a479 - working_samples::hn_client::test::get_item_test::{{closure}}::h6d4b04ee1f940bd3
Dec 01 19:28:07.751 INFO [stdout]                                at src/hn_client.rs:143
Dec 01 19:28:07.751 INFO [stdout]    8:     0x55591c3d401d - core::ops::function::FnOnce::call_once::h99d16c0517d3b6a1
Dec 01 19:28:07.751 INFO [stdout]                                at libcore/ops/function.rs:238
Dec 01 19:28:07.751 INFO [stdout]    9:     0x55591c46c41e - <F as alloc::boxed::FnBox<A>>::call_box::hac903f91577a156c
Dec 01 19:28:07.751 INFO [stdout]                                at libtest/lib.rs:1468
Dec 01 19:28:07.751 INFO [stdout]                                at libcore/ops/function.rs:238
Dec 01 19:28:07.751 INFO [stdout]                                at liballoc/boxed.rs:672
Dec 01 19:28:07.751 INFO [stdout]   10:     0x55591c80a2c9 - __rust_maybe_catch_panic
Dec 01 19:28:07.751 INFO [stdout]                                at libpanic_unwind/lib.rs:102
Dec 01 19:28:07.751 INFO [stdout]   11:     0x55591c48e072 - std::sys_common::backtrace::__rust_begin_short_backtrace::hb8f0d0309526c184
Dec 01 19:28:07.751 INFO [stdout]                                at libstd/panicking.rs:289
Dec 01 19:28:07.751 INFO [stdout]                                at libstd/panic.rs:392
Dec 01 19:28:07.751 INFO [stdout]                                at libtest/lib.rs:1423
Dec 01 19:28:07.751 INFO [stdout]                                at libstd/sys_common/backtrace.rs:136
Dec 01 19:28:07.751 INFO [stdout]   12:     0x55591c48eb24 - std::panicking::try::do_call::hc2f7c8b9a348d8db
Dec 01 19:28:07.751 INFO [stdout]                                at libstd/thread/mod.rs:409
Dec 01 19:28:07.751 INFO [stdout]                                at libstd/panic.rs:313
Dec 01 19:28:07.751 INFO [stdout]                                at libstd/panicking.rs:310
Dec 01 19:28:07.751 INFO [stdout]   13:     0x55591c80a2c9 - __rust_maybe_catch_panic
Dec 01 19:28:07.751 INFO [stdout]                                at libpanic_unwind/lib.rs:102
Dec 01 19:28:07.751 INFO [stdout]   14:     0x55591c47bd5c - <F as alloc::boxed::FnBox<A>>::call_box::h6bfded618e480b32
Dec 01 19:28:07.751 INFO [stdout]                                at libstd/panicking.rs:289
Dec 01 19:28:07.751 INFO [stdout]                                at libstd/panic.rs:392
Dec 01 19:28:07.751 INFO [stdout]                                at libstd/thread/mod.rs:408
Dec 01 19:28:07.751 INFO [stdout]                                at liballoc/boxed.rs:672
Dec 01 19:28:07.751 INFO [stdout]   15:     0x55591c7f78ad - std::sys_common::thread::start_thread::h4c28257d67cdf9cb
Dec 01 19:28:07.751 INFO [stdout]                                at liballoc/boxed.rs:682
Dec 01 19:28:07.751 INFO [stdout]                                at libstd/sys_common/thread.rs:24
Dec 01 19:28:07.751 INFO [stdout]   16:     0x55591c7e9d35 - std::sys::unix::thread::Thread::new::thread_start::hfecb2e7eff8fd34f
Dec 01 19:28:07.751 INFO [stdout]                                at libstd/sys/unix/thread.rs:90
Dec 01 19:28:07.751 INFO [stdout]   17:     0x7f1c9d64e6b9 - start_thread
Dec 01 19:28:07.751 INFO [stdout]   18:     0x7f1c9d16e41c - clone
Dec 01 19:28:07.751 INFO [stdout]   19:                0x0 - <unknown>
Dec 01 19:28:07.751 INFO [stdout] 
Dec 01 19:28:07.751 INFO [stdout] 
Dec 01 19:28:07.751 INFO [stdout] failures:
Dec 01 19:28:07.752 INFO [stdout]     hn_client::test::get_item_test
Dec 01 19:28:07.752 INFO [stdout] 
Dec 01 19:28:07.752 INFO [stdout] test result: FAILED. 16 passed; 1 failed; 0 ignored; 0 measured; 0 filtered out
Dec 01 19:28:07.752 INFO [stdout] 
Dec 01 19:28:07.761 INFO [stderr] error: test failed, to rerun pass '--lib'
Dec 01 19:28:07.763 INFO [stderr] su: No module specific data is present
Dec 01 19:28:08.634 INFO running `"docker" "inspect" "5f32883057e64d37c9e93dd33ca1657ad0ef699a5e603ce05512ec73552d53e6"`
Dec 01 19:28:08.949 INFO running `"docker" "rm" "-f" "5f32883057e64d37c9e93dd33ca1657ad0ef699a5e603ce05512ec73552d53e6"`
Dec 01 19:28:09.293 INFO [stdout] 5f32883057e64d37c9e93dd33ca1657ad0ef699a5e603ce05512ec73552d53e6
